t is the tens digit of j?
2
Let c = 191 - 149. What is the tens digit of c?
4
Suppose 2*g - 12 = -4*c, -c + 2*c = 5*g - 63. Suppose 50 = -5*y + 3*q, 6*y - 4*y = -q - 9. Let z = y + g. What is the units digit of z?
5
Let r be (-6)/15 + 128/20. Suppose -4*g + j + 30 = 0, -4*g - j = -r*j - 22. What is the units digit of g?
8
Let z(a) = -a + a + 1 + a**3 + 5*a**2. Suppose 2*k + 4 = -7*f + 4*f, 0 = 2*f - 5*k + 28. What is the units digit of z(f)?
7
Let h = 27 + -19. Let i be h/(-12) - (-2)/3. What is the tens digit of 220/11 - (i + 2)?
1
Let z(n) = -7*n**3 - n**2. What is the units digit of z(-1)?
6
Suppose -3*t + 688 = 4*y, 0*y - 5*y = t - 860. What is the tens digit of y?
7
Suppose 142 = 2*c - 226. What is the tens digit of c?
8
Suppose f - 6*f = -10. Suppose x + f = -5. Let h(y) = -y**2 - 8*y + 2. What is the units digit of h(x)?
9
Let l(b) = b**3 - 5*b**2 - 8*b + 1. What is the tens digit of l(7)?
4
What is the units digit of 4 + -1 + 4 + 8 + 2?
7
Suppose -4*m - 4*w + 48 = 0, -m = -4*m - 4*w + 32. Let n = m - 13. What is the units digit of n?
3
Suppose 5*k - 8*k + 96 = 0. What is the units digit of k?
2
Suppose -3*g = -2*g + 5*x - 7, -5*g + 15 = 5*x. Suppose -5*h = -g*c - 3*c - 50, 0 = -4*h - 4*c + 24. Suppose 0*p - h = -p. What is the units digit of p?
8
Suppose -k + 10 - 1 = 3*j, 4*k = 5*j + 36. Let r = k + -8. Suppose -2*x = 8, 2*f - r = -x + 3. What is the units digit of f?
4
Suppose 53*u + 45 = 58*u. What is the units digit of u?
9
Suppose 4 = 5*h + 29, -4*h + 345 = 5*i. What is the tens digit of i?
7
Let w(u) = 7*u**2 - u + 3. What is the tens digit of w(2)?
2
What is the units digit of (-2)/2 + 217 + (-21 - -18)?
3
Suppose 0*k - y - 8 = -2*k, -4*k - 2*y = 0. What is the units digit of k?
2
Let i(a) = a**3 - 2*a - 3. What is the units digit of i(3)?
8
What is the tens digit of ((-1)/(-2))/((-20)/(-1160))?
2
Suppose 0 = -10*a + 5*a + 3*g + 28, 32 = 3*a + 2*g. What is the units digit of a?
8
Let a be (-6)/(-33) - (-2)/(-11). Suppose -5*d + t - 5*t = a, -5*t = d. What is the units digit of (13 + d + -2)/1?
1
Suppose 4*h + 15 = -h. Let t(a) = -a**3 - 5*a**2 - 4. Let p be t(-5). Let g = h - p. What is the units digit of g?
1
Suppose -2*k - 10 = -4*k. Let a = -2 - -3. Let u = k - a. What is the units digit of u?
4
Let q = -2 - -4. What is the units digit of q/(-6) - (-124)/12?
0
What is the tens digit of (-1 + -13)/((-1)/2)?
2
Let s = -96 + 252. What is the tens digit of s?
5
Suppose -3*q = -q. Let c(z) = z + 18. What is the units digit of c(q)?
8
Let f(s) = 3*s**2 - 15*s - 11. Let z(t) = -5*t**2 + 23*t + 17. Let x(d) = -8*f(d) - 5*z(d). What is the units digit of x(-6)?
9
Let m(v) = -2*v**3 - 2*v**2 - 2*v - 3. What is the tens digit of m(-3)?
3
Suppose -l + 20 - 92 = -3*k, 2*l = -3*k + 72. What is the tens digit of k?
2
Let l(o) = 8*o**2 + 2*o - 3. What is the units digit of l(4)?
3
What is the hundreds digit of ((-18)/3)/(1/(-47))?
2
Let y = 8 + 3. Let m = y + -7. Suppose 5*r = 5*v + 80, r + 0*r - m*v = 31. What is the tens digit of r?
1
Let i(p) = p + 1. Let d be i(2). Suppose k = d*g + 4, -5*g + 6 = k - 6*g. Suppose -33 = 4*x - k*x. What is the tens digit of x?
1
Suppose -12 = 2*t + 2*c, -t - 6 = t - 4*c. Let v be ((-6)/t)/(1/(-5)). Let a(w) = w**2 + 6*w + 1. What is the units digit of a(v)?
1
Let t = -17 + 33. What is the tens digit of t?
1
Let b = 4 + -2. Suppose 4*i - 3*n + 4*n - 27 = 0, 0 = -b*i - 4*n + 24. What is the units digit of i?
6
Suppose -2*m + 32 = -4*d, -2*d - 9 = 3*m - 41. What is the tens digit of m?
1
Let h be 1/1 - (2 + 5). Let k be (-5)/5*(-9 + 0). Let y = k + h. What is the units digit of y?
3
Suppose 4*a - 6 + 2 = 0. What is the tens digit of 16 + a + (-2 - -3)?
1
Let b = 64 - 12. What is the tens digit of b?
5
Suppose -c - 2 + 4 = 0. What is the units digit of 30/12 - c/4?
2
Suppose -2*c - 4*l = -4*c - 4, -5*l = 3*c - 27. What is the units digit of (1 - c)*7/(-3)?
7
Let x(d) be the first derivative of d**4/4 - 7*d**3/3 - 7*d**2/2 - 6*d - 2. Let z be x(8). What is the units digit of (3 + -4)/(z/(-12))?
6
Let s(d) = -d**2 + 5*d + 31. What is the units digit of s(8)?
7
Let p be (17 - 2) + (-1 - -2). Let m = 33 - p. What is the tens digit of m?
1
Let v be 108/8 + 2/4. Let u = 41 - v. Let r = u - 19. What is the units digit of r?
8
Let i(z) = -z**3 - 9*z**2 + 8*z + 5. Let g(s) = -s**2 - s + 2. Let y be g(-4). What is the tens digit of i(y)?
2
Suppose -5*b + 22 = -28. Suppose -l + 5*i = b, -2*i + 1 = -5*l - 3. Suppose u - 6*u + 5 = l. What is the units digit of u?
1
Suppose 2*a - a = 3. Suppose 2*x = -a + 9. Suppose -x*b + 6*b = 15. What is the units digit of b?
5
Let s(k) = -8*k**3 + 2*k**2 + k. Let q be s(-1). Suppose -30 + q = -3*o. What is the units digit of o?
7
Let h(b) = 6*b - 9. Let p be h(4). Suppose g + p = 5*k, -4*k + 9 = -2*k - g. What is the units digit of k?
2
Let d(u) = u**3 - 6*u**2 + 4*u + 7. Let n be d(5). Suppose n*i = 5*v - 40, i = 3*v - 20 - 4. What is the units digit of v?
8
Let z = -19 - -44. What is the units digit of z?
5
Suppose -3*i - 287 = -2*m, 181 = -3*m - 2*i + 592. What is the units digit of m?
9
Suppose -158 = -4*t + 38. Suppose 4*o - 24 = 2*v, v - t = -4*o - 19. Let n(c) = 3*c - 10. What is the tens digit of n(o)?
1
Suppose 0 = -2*c - c - 87. Let t = -19 - c. What is the tens digit of t?
1
Let m(p) = p**2 - 12*p + 16. Let s be m(11). Let y(v) be the first derivative of -v**3/3 + 3*v**2 - 2*v + 1. What is the units digit of y(s)?
3
Suppose 0 = -4*h + 10 + 2. Suppose -h*s = s - 52. What is the units digit of s?
3
Let y = 6 - 4. Suppose 2 = y*x - 2. Suppose -2*v = x*g - 7*v + 1, g - 4 = v. What is the units digit of g?
7
Suppose -3*s - 4*d = -95 + 20, 0 = 2*s + 3*d - 50. What is the units digit of s?
5
Suppose -3*u + 8 = -13. Let c(o) = u*o**3 + o - o**2 - 3*o + 3*o**2 + 1. What is the units digit of c(1)?
8
What is the units digit of 5/(35/28) + (-1 - -139)?
2
Let z(o) = -o**2 - 4*o. Suppose 4*b + 4 + 8 = 0. Let v be z(b). Suppose 24 = d + v*d. What is the units digit of d?
6
Let h(f) = -27*f - 6. Let u be h(-3). What is the tens digit of (180/u)/(3/50)?
4
Let a be ((-444)/36)/(1/3). Let c = a + 62. What is the units digit of c?
5
Suppose 0 = u - 8 + 2. Let s = -4 + u. Suppose -s*i + i + 5 = 3*k, 0 = 4*i + 4. What is the units digit of k?
2
Let u = 440 + -252. What is the tens digit of u?
8
Suppose 0*a + 8 = 2*a. Suppose 0 = a*n - n - 33. What is the tens digit of n?
1
Suppose 3*d = 5*s - 186, -76 = -2*s + 3*d - d. Suppose -5*g + 29 + s = 0. What is the units digit of g?
3
Let m(y) = -y + 6. Let v(j) = 4*j - 3. Let x be v(2). Let h = x - 2. What is the units digit of m(h)?
3
Suppose -4*q + 20 + 4 = 4*m, 2*m - 2 = 0. Suppose q*w = w + 24. Suppose w*c - 2*c - 32 = 0. What is the units digit of c?
8
Let p(w) = -21*w - 34. What is the hundreds digit of p(-11)?
1
Let h be (-21)/12 + 1/(-4). Let x be h*(-9)/15*5. Suppose 0 = -3*a + 3*b + 30, -x*a = -3*a - b - 20. What is the units digit of a?
5
Suppose -3*f + 2*j = 12, 2*f = -2*j + 3*j - 8. Let o be 2*3/f*-2. Let b = -1 + o. What is the units digit of b?
2
Let z(t) = 2*t**2 - 8*t + 9. What is the units digit of z(6)?
3
Let z = -21 + 37. What is the tens digit of z?
1
Suppose 3*h + 2*w - 26 = 0, 4*h + 4*w - 28 = -0*w. What is the units digit of 12/(8/(h/3))?
6
What is the tens digit of 615*1/4 - 1/(-4)?
5
Let n(b) = -12*b - 14. What is the units digit of n(-6)?
8
Suppose 0 = -3*a - 10 + 64. What is the units digit of 3/a - 58/(-12)?
5
Suppose 5*p - 107 - 118 = 0. What is the tens digit of p?
4
Let n(y) = -11*y + 15. Let o(j) = 5*j - 7. Let g(w) = -2*n(w) - 5*o(w). What is the units digit of g(-4)?
7
Let h = 26 - -6. Let t = h + -12. What is the tens digit of t?
2
Let r(j) = -2*j - 1. Let i be r(-7). Suppose -d = 5 - i. What is the units digit of d?
8
Suppose d - 5*i - 13 = -d, i = d - 2. Let p = 2 + d. What is the units digit of 5 + p/1 + -2?
4
What is the tens digit of (-106)/(-8) + 1/(-4)?
1
Let i = 133 - 55. What is the tens digit of i?
7
Suppose 25 + 125 = 3*v. What is the units digit of v?
0
Suppose -2*s = -4*d - 42, 4*s - 9*d = -6*d + 104. What is the units digit of s?
9
Suppose -2*p - 24 = -3*u + 73, -16 = -4*p. What is the tens digit of u?
3
Let s(l) = -l**2 - 6*l + 2. Let w be s(-6). Suppose -3*f = -0*f - 3. Suppose 0 = -w*v - f + 3. W